+ 19*g**2 + 5 - 20*g**3 - 17*g. Give b(-17).
5
Suppose 2*v + 1 = 5. Suppose -3*o + 3 = -v*z, -z = 2*o + 2*z - 2. Let i(x) = -x**2 - 5*x + 3*x + 11*x**3 + 0*x - o. Calculate i(-1).
-11
Let t(n) = -n**3 - 8*n**2 - 8*n - 6. Suppose -3*c - 2*c = -45. Let h(p) = -p**3 - 9*p**2 - 14*p + 16. Let a be h(-7). Let j = c - a. Determine t(j).
1
Let u(g) be the second derivative of -11/6*g**3 + 6 + 2*g - 1/12*g**4 + 9/2*g**2. Calculate u(-12).
-3
Let v be (-2)/6*(-10 - -4). Let s be 6/(v - 4)*-2. Let u(t) = -1 - 11 - 16 + 2*t + 32 - 7. Calculate u(s).
9
Let o be ((-42)/84)/(1/16). Let n be (o/1 - -2) + -3. Let f(x) = -x**2 - 13*x - 11. Give f(n).
25
Let x = -11524 - -11526. Let w(h) = h**3 - 3*h**2 - 2*h + 2. What is w(x)?
-6
Let g be 5/30 + (-33)/(-18). Let s be (1 + 5/g)*2. Let n(f) = -23 - 8*f**3 - f**2 + 2*f**2 + 12 + s*f**3. Give n(0).
-11
Suppose -138*m + 26 = -136*m. Let w(t) = -t**3 + 13*t**2 - t + 13. Let x be w(m). Let n(f) = -f**2 + 3*f - 2. Calculate n(x).
-2
Let a(i) be the second derivative of 2*i**3/3 + 19*i**2/2 - 151*i - 1. Suppose -8*m - 19 = 29. Give a(m).
-5
Suppose 7*n + 11*b - 64 = 13*b, 5*n - 48 = 2*b. Let m(u) = -15*u + 123. Give m(n).
3
Let a(b) = 7 + 15 - 18*b - 29 + 2. Give a(-8).
139
Let y(f) = -10972 + f**2 + 10*f + 5484 + 5488. What is y(-8)?
-16
Suppose 2*k + 4*x = 74, 4*k - 3*x - 129 = k. Let w(s) = -4*s + 13 + 15 - s**2 - k + 12. Let r be w(0). Let j(c) = -11*c**3 + c**2 - c - 1. Calculate j(r).
12
Let p(x) = 8*x - 2. Let a(g) = -11*g + 1. Let h(n) = -45*n + 3. Let m(d) = -9*a(d) + 2*h(d). Let c(i) = 6*m(i) - 7*p(i). Let j = -765 - -770. Give c(j).
-14
Let l be (1769/(-58) + 30)/(2/(-6)). Let s(h) be the first derivative of 44 + l*h**2 + 9*h. Calculate s(-6).
-9
Let u = 4453 - 4454. Let i(g) = 71*g + 7. Give i(u).
-64
Let i(w) = -w**3 + 13*w**2 - 8*w - 62. Let h be i(12). Let j(x) = -x**3 - 15*x**2 - 13*x + 1. Determine j(h).
-13
Suppose 3*k + 13 = -3*g + 2*g, 25 = -3*k - 4*g. Let t(c) be the second derivative of -1 + 0*c**3 + 45*c - 3/2*c**2 + 1/12*c**4. What is t(k)?
6
Let y(u) = 979*u**2 + 0*u - 2 - 977*u**2 + 1 + 5*u. Let l be (-10)/2 - (2 - 5). Let d = -2 + l. Determine y(d).
11
Let a(c) = -4*c. Let s(b) = 15*b - 19. Let x(z) = 2*a(z) + s(z). Calculate x(3).
2
Let j(k) be the second derivative of -k**4/12 + k**3 + k**2 - 1661*k - 1. Determine j(6).
2
Let r(u) = u**2 + 7*u - 4. Let q = 11486 - 11495. Give r(q).
14
Let c(x) = x**3 - x**2 - x. Let p = 2 - -2. Let m be ((-4)/(-8)*0)/p. Calculate c(m).
0
Let u(n) be the first derivative of n**4/4 + 17*n**3/3 + 17*n**2/2 + 2*n - 1966. Give u(-16).
-14
Let p(i) = -i**2 + 6*i + 6. Let r = 76 - 70. Let n be p(r). Suppose n*j - u - 26 = 10*j, -4*u = 8. Let h(g) = -g - 11. Calculate h(j).
-5
Let s(k) = -k**2 + k + 1. Let a(l) be the first derivative of -l**4/4 + l**3/3 + l**2/2 + 4*l + 24. Let d(q) = a(q) - 2*s(q). Suppose -5*i + 6 = -4. Give d(i).
4
Let z(a) = a**2 - 75*a - 1231. Let g be z(-14). Let j(b) be the second derivative of 13/6*b**3 + 0 - g*b + 1/2*b**2. Determine j(1).
14
Let v(p) be the third derivative of p**5/30 - 3*p**4/8 - 31*p**3/6 - 12053*p**2. Give v(-3).
14
Let o(u) = 4*u + 9. Suppose 4*w - 20*m + 10 = -18*m, 1 = w + 3*m. Calculate o(w).
1
Let f(w) = 12*w - w**2 - w**2 - 11 - 3*w. Let y(o) = -o**2 + 4*o - 5. Let x(k) = -4*f(k) + 9*y(k). Let z = 172 - 170. Calculate x(z).
-5
Let p(q) = -4 - 11*q + 0*q - q + 8*q. Let v be -1*((6 - 5) + 8). Determine p(v).
32
Let w = 13 - 11. Suppose -6*k + w*k + 8 = 0. Let f(q) = 2 + 6*q**2 + 0*q**2 - 4*q**2 - 6*q + 0*q**k. Give f(4).
10
Let h(x) = -1 + 3*x**2 + 0*x**2 + 741*x - 741*x. Suppose 3*q - 3*v - 3 - 15 = 0, -2*q = 4*v + 18. Determine h(q).
2
Let n(z) = -z**3 + 11*z**2 - 12*z - 16. Let t(a) = a**3 - a**2 + 1. Let g(d) = n(d) + 2*t(d). Suppose 2*y = -8*m + 140, 4*y + 4*m - 248 = -208. Determine g(y).
6
Let q(p) be the second derivative of p**6/180 + p**5/30 + 5*p**4/24 - 107*p**3/6 - 134*p. Let x(y) be the second derivative of q(y). Give x(-5).
35
Let p(x) = -2*x - 4. Let y = 230 - 164. Let v = 86 - y. Suppose 0 = 2*n - v + 8. What is p(n)?
-16
Let f(l) = 48 + 63 - 3*l**2 + l + 4*l**2 - 185 - 3*l + 65. Let s(k) = -k**2 + 6*k - 3. Let q be s(4). Give f(q).
6
Let p(k) = -39*k**2 - 35*k + 14. Let c(d) = 50*d**2 + 47*d - 19. Let h(g) = -7*c(g) - 9*p(g). What is h(12)?
-17
Let v(w) be the first derivative of -w**6/120 + w**5/60 - w**4/24 + w**3/3 - 3*w**2/2 + 11*w + 10. Let d(a) be the second derivative of v(a). Calculate d(3).
-19
Let y = 2153 - 1488. Suppose 145 - y = -10*d. Suppose -50 = -2*g - d. Let u(b) = -4*b**2 + 1. Give u(g).
-3
Let v(p) be the third derivative of p**7/840 + p**6/360 - p**4/4 + 97*p**3/6 - 2*p**2 - 9. Let y(k) be the first derivative of v(k). Calculate y(0).
-6
Let v(i) = -i**2 - 13*i + 3. Let t(c) = 7*c**2 + 82*c - 20. Let d(k) = -2*t(k) - 13*v(k). Suppose -3*w = -w - 12. What is d(w)?
-5
Suppose -g = -2 + 1. Let i(j) = -1847*j + 16. Let s(h) = 109*h - 1. Let o(u) = -i(u) - 17*s(u). What is o(g)?
-5
Let a(h) be the second derivative of h**6/360 + h**5/12 + 7*h**4/24 + h**3/6 - 21*h**2/2 - 149*h. Let r(u) be the second derivative of a(u). Calculate r(-7).
-14
Let h(k) = -2*k**3 - 45*k**2 + 67*k - 113. Let t be h(-24). Let b(q) = q - 2*q - 3*q + 5 + 2. What is b(t)?
-21
Let i(o) = -9*o + 18*o - 7 - 3*o + 3*o - 3*o. What is i(5)?
23
Let l(g) = g**3 + 34*g**2 + 201*g - 32. Let d be l(-8). Let j(t) = -t**3 + 21*t**2 + 73*t - 18. What is j(d)?
6
Let t(p) = 4*p + 1. Let r = 184 - 181. Let u(v) = 3*v + 3. Let c(h) = r*u(h) - 2*t(h). Give c(-5).
2
Let f(c) be the second derivative of 1/2*c**3 - 7*c**2 + 0 - 26*c. What is f(6)?
4
Let t(z) be the third derivative of z**4/12 + 37*z**3/6 + 16*z**2 + z. Determine t(18).
73
Let o(b) = b**3 + 9*b**2 - 3*b + 5. Let j(d) = -5*d - 137. Let v be j(-26). Determine o(v).
124
Let z(j) = 7*j**3 + 3*j**2 + 13*j - 15. Let k(n) = -3*n**3 - n**2 - 6*n + 7. Let c(r) = 9*k(r) + 4*z(r). Let f = -1792 - -1788. Determine c(f).
-5
Suppose -60*a - 11*a - 4 + 146 = 0. Let n(m) = m**3 - 5*m**2 + 9*m - 1. Determine n(a).
5
Let c(z) be the second derivative of -z**7/840 + z**6/240 + z**5/60 - 25*z**4/12 + 3*z**2/2 - 8*z + 2. Let b(t) be the third derivative of c(t). Give b(-3).
-34
Suppose -g = 2*t - 10, -3*g - 25 = -363*t + 358*t. Let w(f) = f**3 + 2*f - 7. Give w(g).
-7
Let u(y) = y - 1. Let p be u(4). Let d be -6 + -3 + 5 + 30. Let s(k) = -2*k - 10 + d - 13. Calculate s(p).
-3
Let m = -44 + 41. Let r(p) = -4*p**2 - 9 + 0*p + 4*p - p. Let d(s) = 3*s**2 - 4*s + 8. Let o(l) = m*d(l) - 2*r(l). What is o(4)?
2
Let k(t) = 2*t + 2. Let w(y) = 5485 + 2*y - 5486 + y - y**2 - 2*y. Let o(r) = k(r) + w(r). Calculate o(-1).
-3
Let x(a) = 7*a**2 + 43*a + 4. Suppose -26 + 2 = -1834*d + 1838*d. What is x(d)?
-2
Let v = -16 + 23. Let d(w) = -18*w**2 + v*w**2 + 12*w**2 + 11*w + 11. What is d(-9)?
-7
Suppose -31*k + 159 = 252. Let h(f) = f**2 + 2*f - 4. Determine h(k).
-1
Let u(d) = -d**2 + 57*d - 434. Let h be u(9). Let o(m) = 3*m + 3. Give o(h).
-3
Let m = 6 - 3. Let j(h) = 8*h**2 - 41*h**3 - 4*h + 8 - 20 + 42*h**m. Let a = 35 - 43. Calculate j(a).
20
Let n be ((-6)/15)/(5/(-25)). Let w(g) = 4 + 59*g**2 - 60*g**n + 2*g + 0. Suppose -49*u - o = -53*u + 13, 5*u + 2*o = 13. What is w(u)?
1
Let w(u) = -u**2 + 11*u - 40. Suppose -176*g = -236*g + 660. Determine w(g).
-40
Let o(x) = 2*x**3 - x - 6. Suppose -z + 3*n - 21 = 0, -19*n + 14 = z - 17*n. Give o(z).
-6
Let i(p) = -p**2 - 328*p + 4790. Let o be i(14). Let w(a) = 2*a**3 + 2*a**2 + 2*a - 5. Give w(o).
23
Let q(p) = -p + 6 - 3 + 3*p. Let v be 186/(-18) + (-4)/6. Let d be v/5 + (195/(-25) - -8). What is q(d)?
-1
Let y(q) = -21*q + 62. Let m(i) = 4*i - 14. Let g(z) = -9*m(z) - 2*y(z). Let k = 3 - 2. Calculate g(k).
8
Let i(h) be the third derivative of -h**6/120 - 7*h**5/60 + h**4/12 + h**3/3 + 2*h**2 - 2*h - 126. What is i(-3)?
-40
Let s(d) = 2*d**3 - d**2 - d. Let f(g) = g**3 + 8*g**2 + 11*g + 13. Let x(v) = -f(v) + s(v). Calculate x(10).
-33
Let u(m) = -7*m - 14. Let p be 112/280 + ((-14)/10 - -1). What is u(p)?
-14
Let v(j) = -12 + 16*j - 156*j**2 + 453*j**2 - 152*j**2 - 144*j**2. Give v(-6).
-72
Let q(m) = -55*m + 21*m - 2*m**2 + 17*m + 20*m + 5*m**3. Give q(2).
38
Let h(k) = -2*k**3 - 10*k**2 - k - 2. Let p = -427 - -428. Let w(v) = -1. Let j